{"id":31,"date":"2020-12-01T18:53:33","date_gmt":"2020-12-01T18:53:33","guid":{"rendered":"https:\/\/www.dynal.cl\/retail\/?page_id=31"},"modified":"2025-09-11T20:05:27","modified_gmt":"2025-09-11T20:05:27","slug":"certificacion-iso-9001-2015","status":"publish","type":"page","link":"https:\/\/www.dynal.cl\/retail\/certificacion-iso-9001-2015\/","title":{"rendered":"Certificaci\u00f3n ISO 9001\/2015"},"content":{"rendered":"\t\t<div data-elementor-type=\"wp-page\" data-elementor-id=\"31\" class=\"elementor elementor-31\" data-elementor-settings=\"[]\">\n\t\t\t\t\t\t<div class=\"elementor-inner\">\n\t\t\t\t\t\t\t<div class=\"elementor-section-wrap\">\n\t\t\t\t\t\t\t<section class=\"elementor-section elementor-top-section elementor-element elementor-element-7a6f2f44 elementor-section-boxed elementor-section-height-default elementor-section-height-default\" data-id=\"7a6f2f44\" data-element_type=\"section\">\n\t\t\t\t\t\t<div class=\"elementor-container elementor-column-gap-default\">\n\t\t\t\t\t\t\t<div class=\"elementor-row\">\n\t\t\t\t\t<div class=\"elementor-column elementor-col-100 elementor-top-column elementor-element elementor-element-2d4e7b07\" data-id=\"2d4e7b07\" data-element_type=\"column\">\n\t\t\t<div class=\"elementor-column-wrap elementor-element-populated\">\n\t\t\t\t\t\t\t<div class=\"elementor-widget-wrap\">\n\t\t\t\t\t\t<div class=\"elementor-element elementor-element-4c32124e elementor-widget elementor-widget-image\" data-id=\"4c32124e\" data-element_type=\"widget\" data-widget_type=\"image.default\">\n\t\t\t\t<div class=\"elementor-widget-container\">\n\t\t\t\t\t<div class=\"elementor-image\">\n\t\t\t\t\t\t\t\t\t\t\t<a href=\"https:\/\/www.sgs.com\/en\/certified-clients-and-products\/certified-client-directory\" target=\"_blank\" rel=\"nofollow\">\n\t\t\t\t\t\t\t<img loading=\"lazy\" decoding=\"async\" width=\"300\" height=\"293\" src=\"https:\/\/www.dynal.cl\/retail\/wp-content\/uploads\/2020\/12\/04.-Logo-ISO-SGS_ISO-9001-300x293-1.jpg\" class=\"attachment-large size-large\" alt=\"\" \/>\t\t\t\t\t\t\t\t<\/a>\n\t\t\t\t\t\t\t\t\t\t\t<\/div>\n\t\t\t\t<\/div>\n\t\t\t\t<\/div>\n\t\t\t\t\t\t<\/div>\n\t\t\t\t\t<\/div>\n\t\t<\/div>\n\t\t\t\t\t\t\t\t<\/div>\n\t\t\t\t\t<\/div>\n\t\t<\/section>\n\t\t\t\t<section class=\"elementor-section elementor-top-section elementor-element elementor-element-27fc25ea elementor-section-boxed elementor-section-height-default elementor-section-height-default\" data-id=\"27fc25ea\" data-element_type=\"section\">\n\t\t\t\t\t\t<div class=\"elementor-container elementor-column-gap-default\">\n\t\t\t\t\t\t\t<div class=\"elementor-row\">\n\t\t\t\t\t<div class=\"elementor-column elementor-col-100 elementor-top-column elementor-element elementor-element-6c7078ab\" data-id=\"6c7078ab\" data-element_type=\"column\">\n\t\t\t<div class=\"elementor-column-wrap elementor-element-populated\">\n\t\t\t\t\t\t\t<div class=\"elementor-widget-wrap\">\n\t\t\t\t\t\t<div class=\"elementor-element elementor-element-468f0d60 elementor-widget elementor-widget-text-editor\" data-id=\"468f0d60\" data-element_type=\"widget\" data-widget_type=\"text-editor.default\">\n\t\t\t\t<div class=\"elementor-widget-container\">\n\t\t\t\t\t<div class=\"elementor-text-editor elementor-clearfix\"><p>La gerencia de&nbsp;<strong>Dynal Industrial S.A.<\/strong>&nbsp;mantiene un compromiso constante con la calidad, deseando mantener y ampliar una cultura de empresa en este sentido y potenciar la imagen de calidad de sus productos, que aumente el grado de confianza y satisfacci\u00f3n de los clientes.<\/p><p><br><\/p>\n<p>La implementaci\u00f3n de un Sistema de Gesti\u00f3n de Calidad es fruto de una reflexi\u00f3n interna de la organizaci\u00f3n, cuya gerencia considera este proyecto como una fase dentro de un proyecto a largo plazo, enfocando a la excelencia empresarial, al que se incorporan progresivamente diferentes actividades que faciliten su logro con eficacia y eficiencia.<\/p><p><br><\/p>\n<p>La certificaci\u00f3n del Sistema de Calidad, en cumplimiento con las normas ISO 9001:2008 por un organismo acreditado, refuerza indudablemente la credibilidad y confianza en nuestros productos y supone un est\u00edmulo para potenciar la mejora continua de m\u00e9todos de trabajo sistem\u00e1ticos al definir responsabilidades claras, impulsar mecanismos de decisi\u00f3n eficaces, v\u00edas de verificaci\u00f3n de nuestros logros, as\u00ed como el seguimiento continuo de los mismos.<\/p><p><br><\/p>\n<p>El Sistema de Gesti\u00f3n de Calidad debe estar integrado en todos los niveles de la organizaci\u00f3n y su cumplimiento debe suponer la referencia obligada en el desarrollo de nuestras actividades habituales.<\/p><\/div>\n\t\t\t\t<\/div>\n\t\t\t\t<\/div>\n\t\t\t\t\t\t<\/div>\n\t\t\t\t\t<\/div>\n\t\t<\/div>\n\t\t\t\t\t\t\t\t<\/div>\n\t\t\t\t\t<\/div>\n\t\t<\/section>\n\t\t\t\t<section class=\"elementor-section elementor-top-section elementor-element elementor-element-45ceb854 elementor-section-boxed elementor-section-height-default elementor-section-height-default\" data-id=\"45ceb854\" data-element_type=\"section\">\n\t\t\t\t\t\t<div class=\"elementor-container elementor-column-gap-default\">\n\t\t\t\t\t\t\t<div class=\"elementor-row\">\n\t\t\t\t\t<div class=\"elementor-column elementor-col-100 elementor-top-column elementor-element elementor-element-19353f55\" data-id=\"19353f55\" data-element_type=\"column\">\n\t\t\t<div class=\"elementor-column-wrap elementor-element-populated\">\n\t\t\t\t\t\t\t<div class=\"elementor-widget-wrap\">\n\t\t\t\t\t\t<div class=\"elementor-element elementor-element-8ab6628 elementor-align-center elementor-widget elementor-widget-button\" data-id=\"8ab6628\" data-element_type=\"widget\" data-widget_type=\"button.default\">\n\t\t\t\t<div class=\"elementor-widget-container\">\n\t\t\t\t\t<div class=\"elementor-button-wrapper\">\n\t\t\t<a href=\"http:\/\/75.102.22.162\/~emzyyiak\/retail\/wp-content\/uploads\/2021\/07\/CERT.-ISO-9001-INN-2018-2022-Dynal-Planta-Membranas-Asfalticas.pdf\" target=\"_blank\" class=\"elementor-button-link elementor-button elementor-size-sm\" role=\"button\">\n\t\t\t\t\t\t<span class=\"elementor-button-content-wrapper\">\n\t\t\t\t\t\t<span class=\"elementor-button-icon elementor-align-icon-left\">\n\t\t\t\t<i aria-hidden=\"true\" class=\"far fa-file-alt\"><\/i>\t\t\t<\/span>\n\t\t\t\t\t\t<span class=\"elementor-button-text\">Certificaci\u00f3n ISO 9001\/2015<\/span>\n\t\t<\/span>\n\t\t\t\t\t<\/a>\n\t\t<\/div>\n\t\t\t\t<\/div>\n\t\t\t\t<\/div>\n\t\t\t\t\t\t<\/div>\n\t\t\t\t\t<\/div>\n\t\t<\/div>\n\t\t\t\t\t\t\t\t<\/div>\n\t\t\t\t\t<\/div>\n\t\t<\/section>\n\t\t\t\t\t\t<\/div>\n\t\t\t\t\t\t<\/div>\n\t\t\t\t\t<\/div>\n\t\t","protected":false},"excerpt":{"rendered":"<p>La gerencia de&nbsp;Dynal Industrial S.A.&nbsp;mantiene un compromiso constante con la calidad, deseando mantener y ampliar una cultura de empresa en este sentido y potenciar la imagen de calidad de sus productos, que aumente el grado de confianza y satisfacci\u00f3n de los clientes. La implementaci\u00f3n de un Sistema de Gesti\u00f3n de Calidad es fruto de una [&hellip;]<\/p>\n","protected":false},"author":1,"featured_media":0,"parent":0,"menu_order":0,"comment_status":"closed","ping_status":"closed","template":"","meta":{"footnotes":""},"_links":{"self":[{"href":"https:\/\/www.dynal.cl\/retail\/wp-json\/wp\/v2\/pages\/31"}],"collection":[{"href":"https:\/\/www.dynal.cl\/retail\/wp-json\/wp\/v2\/pages"}],"about":[{"href":"https:\/\/www.dynal.cl\/retail\/wp-json\/wp\/v2\/types\/page"}],"author":[{"embeddable":true,"href":"https:\/\/www.dynal.cl\/retail\/wp-json\/wp\/v2\/users\/1"}],"replies":[{"embeddable":true,"href":"https:\/\/www.dynal.cl\/retail\/wp-json\/wp\/v2\/comments?post=31"}],"version-history":[{"count":12,"href":"https:\/\/www.dynal.cl\/retail\/wp-json\/wp\/v2\/pages\/31\/revisions"}],"predecessor-version":[{"id":1545,"href":"https:\/\/www.dynal.cl\/retail\/wp-json\/wp\/v2\/pages\/31\/revisions\/1545"}],"wp:attachment":[{"href":"https:\/\/www.dynal.cl\/retail\/wp-json\/wp\/v2\/media?parent=31"}],"curies":[{"name":"wp","href":"https:\/\/api.w.org\/{rel}","templated":true}]}}