{"id":22,"date":"2020-12-01T18:49:39","date_gmt":"2020-12-01T18:49:39","guid":{"rendered":"https:\/\/www.dynal.cl\/retail\/?page_id=22"},"modified":"2021-02-15T16:47:58","modified_gmt":"2021-02-15T16:47:58","slug":"catalogo-area-distribucion-y-ferreteria-dynal","status":"publish","type":"page","link":"https:\/\/www.dynal.cl\/retail\/catalogo-area-distribucion-y-ferreteria-dynal\/","title":{"rendered":"Cat\u00e1logo \u00c1rea Distribuci\u00f3n y Ferreter\u00eda Dynal"},"content":{"rendered":"","protected":false},"excerpt":{"rendered":"","protected":false},"author":1,"featured_media":0,"parent":0,"menu_order":0,"comment_status":"closed","ping_status":"closed","template":"","meta":{"footnotes":""},"_links":{"self":[{"href":"https:\/\/www.dynal.cl\/retail\/wp-json\/wp\/v2\/pages\/22"}],"collection":[{"href":"https:\/\/www.dynal.cl\/retail\/wp-json\/wp\/v2\/pages"}],"about":[{"href":"https:\/\/www.dynal.cl\/retail\/wp-json\/wp\/v2\/types\/page"}],"author":[{"embeddable":true,"href":"https:\/\/www.dynal.cl\/retail\/wp-json\/wp\/v2\/users\/1"}],"replies":[{"embeddable":true,"href":"https:\/\/www.dynal.cl\/retail\/wp-json\/wp\/v2\/comments?post=22"}],"version-history":[{"count":1,"href":"https:\/\/www.dynal.cl\/retail\/wp-json\/wp\/v2\/pages\/22\/revisions"}],"predecessor-version":[{"id":23,"href":"https:\/\/www.dynal.cl\/retail\/wp-json\/wp\/v2\/pages\/22\/revisions\/23"}],"wp:attachment":[{"href":"https:\/\/www.dynal.cl\/retail\/wp-json\/wp\/v2\/media?parent=22"}],"curies":[{"name":"wp","href":"https:\/\/api.w.org\/{rel}","templated":true}]}}